t of (4 - 3)/((-2)/s)?
8
Suppose 153 = 3*f + 6*f. Let z = f - 12. What is the units digit of z?
5
Suppose -5*m - 4*l + 67 = 0, -4*l = -l - 9. Let n = m - -22. Let p = n + -8. What is the tens digit of p?
2
Suppose -4*j + 1778 = -3990. What is the thousands digit of j?
1
Suppose 46*z + s - 486 = 44*z, 5*z - 1215 = -3*s. What is the units digit of z?
3
Suppose 2*r + 5*w - 762 = 0, -r - w + 190 = -191. What is the hundreds digit of r?
3
Let z(h) = -h**3 + 5*h**2 - 4*h. Let j be z(3). Let g(b) = 7*b + b**3 - 5 + 0*b - 3*b - 6*b**2. What is the tens digit of g(j)?
1
Suppose 4*y - 2*o - 64 = 0, 4*y + 0*o = -5*o + 50. Suppose 2*s - 32 = 2*g, -13 = -3*s - 5*g - 5. Let r = y - s. What is the units digit of r?
4
Let m be 2 + (-1)/(2/6). Let h be (-1)/(((-1)/m)/72). Let a = h - -102. What is the units digit of a?
0
Let g(i) = -2*i**3 - 1. Let b be g(-1). Let t = 33 - 14. Suppose -t + b = -h. What is the tens digit of h?
1
Let n be (-1)/(-4) + 6/((-24)/(-379)). Suppose c = -3*v + 214, -5*v + 273 = -4*c - n. What is the tens digit of v?
7
Let b = 291 - 68. Suppose -4*i = 5*z + i, -6 = -3*z - i. Suppose -5*g = -2*m - b, -z*g + 2*m + 137 = -0*m. What is the tens digit of g?
4
Suppose -36*c - 3837 = -39*c + 2*u, 3*c + 4*u - 3837 = 0. What is the thousands digit of c?
1
Let b = -1220 + 2322. What is the tens digit of 2/(-9) + b/18?
6
Let g(d) = -2*d**2 - 26*d + 9. Let f(a) = a**2 + 13*a - 4. Let r(k) = 5*f(k) + 3*g(k). Let p be r(-12). Suppose -16*w = -p*w + 156. What is the tens digit of w?
5
Let y(o) = 2*o**2 + 18*o - 89. What is the units digit of y(42)?
5
Let y(w) = 16 - 2*w + 3*w - 3. Let i be y(-8). Suppose 5*g + 5*f = 75, -5*g = -i*f - 0*f - 55. What is the tens digit of g?
1
Suppose -1961 + 12653 = 99*z. What is the hundreds digit of z?
1
Suppose 2*r - 2*n = -64, 5*r + 24 = n - 116. Let q = -25 - r. Suppose q*u = 2*v + 52, 0*u - 3*u + 76 = -5*v. What is the units digit of u?
7
What is the tens digit of (-6 - -2214)/6 - -3?
7
Let a = -643 - -1635. What is the units digit of a?
2
Let f = 1050 + -635. What is the hundreds digit of f?
4
Let k(z) = -4*z**3 - 10*z**2 - 7*z + 17. What is the units digit of k(-8)?
1
Let c = -7 + 16. Suppose -33 = -6*j + c*j. Let l = 13 + j. What is the units digit of l?
2
Suppose 25 = -5*g + 2*n, -2*n = 3*n. Let r = g - -35. Let b = 58 - r. What is the units digit of b?
8
Let x(n) = -7*n**2 - 2*n + 5. Let g be x(5). Let d = -73 - g. What is the tens digit of d?
0
What is the tens digit of -1*(-1506)/4*(-44)/(-66)?
5
Suppose 2*h - 2*v + 106 = 0, 0*h + 2*h = -2*v - 86. Let c = -22 - h. Suppose -2*z + 0*z - c = -4*y, 4*y - 5*z = 11. What is the units digit of y?
9
Let i(p) = 26*p + 2. Let h be i(1). Let s be (0 - 1)/(7/(-42)). What is the units digit of (h/s)/((-9)/(-27))?
4
Suppose u = 17 + 37. Suppose -26 - u = -5*y. What is the tens digit of 98/4*(y + -14)?
4
Let q be 1 - (3 - 0/3). Let t be q/(-4)*2/1. What is the tens digit of 30 - -1 - 2/t?
2
Let j(v) = -3*v - 4. Let z be j(-2). Suppose -z*i = -0*i - 36. What is the units digit of i/21*(-1 + 8)?
6
Suppose -12*m + 23 = -1. Suppose -m*i + 37 = -69. What is the tens digit of i?
5
Let r(v) = -3*v**3 + v**2 + 3. Let g be r(5). Let d = -241 - g. What is the hundreds digit of d?
1
Let f = 30 - 24. Suppose -a + 2*c - 166 = -6*a, 2*c - f = 0. Suppose 4*r = b - 19, 0 = 2*b + 3*r - a - 50. What is the tens digit of b?
3
Suppose -5*y - 2*a + 6*a = -154, 2*y - 65 = 5*a. Let w = y + 34. What is the units digit of w?
4
Let v(w) = w**2 - 9*w - 24. Let h be v(11). What is the tens digit of (-14344)/(-154) + h/14?
9
Let h(n) = -7*n**2 - 5 - 39*n**3 + 6*n**2 + 4 - n. What is the tens digit of h(-1)?
3
Let v be (-1 - 4)*(24/20)/(-2). What is the units digit of 121/(4 + -9 + v)*-2?
1
Let m = -101 - -319. What is the hundreds digit of m?
2
Suppose -270*u = -263*u - 14. What is the units digit of u?
2
Suppose 3*v + p - 1714 = 0, 0 = -5*v - 0*p + 4*p + 2834. What is the hundreds digit of v?
5
Suppose 7 + 8 = 3*k. Suppose k = -0*w + w. Suppose g + 3*u + 0*u = 14, 39 = 2*g - w*u. What is the tens digit of g?
1
Let y be (-2)/6 + (-616)/(-3). Suppose 341 + y = 7*d. What is the units digit of d?
8
What is the tens digit of (4 - (-10 + 4)) + 3?
1
Let o(g) = 4*g + 103. What is the tens digit of o(17)?
7
Let h = 238 - 164. Suppose -6*a + h = -5*a. What is the units digit of a?
4
Suppose -s = -4*s. Suppose s = 21*y - 23*y + 56. What is the tens digit of y?
2
Suppose -16 = -5*s - 4*d + 14, -13 = s - 3*d. Suppose -2*o + 2 = 0, 5*b - s*b + 4*o + 17 = 0. What is the units digit of (-345)/b - 44/154?
9
Suppose -10*f + n = -6*f - 11, 5*n + 15 = 0. What is the units digit of ((-1104)/168)/(f/(-14))?
6
Let t(i) = -i**3 + 9. Let a be t(0). Suppose 12*o = 9*o + a. What is the units digit of o?
3
Let k = 3 - 7. Let j(u) = 0 - 1 - 5 - 5*u - 4. What is the units digit of j(k)?
0
Let s be (-8)/(-14) - (-4)/(-7). Suppose -2*b - b + 210 = s. What is the tens digit of b?
7
Let l be (-48)/(-16) - (-1 - -1). What is the units digit of 0/3 + l + 2?
5
Let v = -353 - -1387. What is the hundreds digit of v?
0
What is the hundreds digit of (6/(-21) - (-4590)/42) + -3?
1
Suppose 7*h = 2*h - 60. Let y be 1*0*4/h. Suppose y = 4*n - 156 - 40. What is the tens digit of n?
4
Let p = -21 - -36. Suppose 82 = -13*h + p*h. What is the tens digit of h?
4
Let t = 467 + -200. Suppose 6*p - 9 = t. What is the units digit of p?
6
What is the units digit of (-33)/9*(-144 + -21)?
5
Let j(p) = -4*p**2 - 129 - 9*p + 57 + 62 - 3*p**3. What is the units digit of j(-4)?
4
Let o(q) = -880*q + 203. What is the units digit of o(-4)?
3
Let q = -510 - -1447. What is the hundreds digit of q?
9
Let z(a) = a**3 + 31*a**2 - 6*a - 9. What is the units digit of z(-27)?
9
What is the hundreds digit of ((-2)/6)/(5 - 13891/2778)?
9
Suppose 2*s - 1 = 2*p + 1, 3*s - 15 = -3*p. Suppose 6 + 18 = -s*v. Let a = v - -10. What is the units digit of a?
2
Let r = 1594 - 227. What is the hundreds digit of r?
3
What is the units digit of (155/(-2) - -2)/(6/(-156))?
3
Let t(m) = 4*m + 15*m**2 - 21*m + 144 + 4*m**3 - 5*m**3 - 155. What is the tens digit of t(13)?
0
Let g = 64 - -166. Let q = g - 52. What is the units digit of q?
8
Let s(f) = -f**3 + f + 4. Let d be s(0). Suppose -5 = b + d*b. What is the units digit of (b/1)/((-2)/32)?
6
Let v = 447 + -303. Let c = -31 + v. What is the hundreds digit of c?
1
Suppose -z = -6 - 10. Suppose -z + 68 = 2*q. Suppose 0 = g - h + 10 - q, 0 = g + 2*h - 31. What is the tens digit of g?
2
What is the hundreds digit of 47976/32 + 8/(-32)?
4
Let r(v) = -5*v + 1. Let p be r(1). Let g be (-1)/((-14)/p + -3). What is the units digit of (4 - (1 - -11))*g?
6
Let q be (-2 - -9) + -4 + 4 + 0. Let u(t) = t + 1. Let m be u(0). Suppose 2*i = m + q. What is the units digit of i?
4
Suppose 3*q - 346 = -5*a + 4*q, -5*q = -3*a + 190. Suppose 6*g + a = 7*g. What is the units digit of g?
0
Let d be (-89)/(-5) + 2/10. Let x be (21/4)/(d/(-48)). Let t = 17 + x. What is the units digit of t?
3
Let d = 14 - 11. Suppose d*p = 2*p + 22. Let x = p + -12. What is the tens digit of x?
1
Let r = -1437 - -2082. What is the tens digit of (3/9)/(5/r)?
4
Suppose -18*k + 868 = 4*f - 20*k, 0 = -5*f + 2*k + 1087. What is the tens digit of f?
1
Let p(i) = i**2 - 4*i + 3. Let a be p(3). Suppose 3*w - 3 - 3 = a. Suppose -39 = -w*r - 5*j, 0 = -r - j + 4 + 14. What is the tens digit of r?
1
Let s = 543 - 336. What is the units digit of s?
7
Suppose 9*i = 14*i. Suppose i = -4*j + 18 + 106. What is the units digit of j?
1
Let r = -290 - -204. Let l = 149 + r. What is the units digit of l?
3
Let i be (12/(-4) + -4)*1. What is the units digit of ((2632/12)/i)/((-2)/6)?
4
Let h(s) = -s**2 + 7*s - 10. Let y be h(4). Let t(n) = 0*n + 4*n + n**2 - y - 3. What is the tens digit of t(-7)?
1
Suppose -3*f = 3*v - 11001, 18*f - 21*f + 9 = 0. What is the units digit of v?
4
Suppose 4*j + j + 2*r + 28 = 0, 0 = 3*j - 3*r + 21. Suppose 0 = 5*f + 8*q - 3*q - 20, -17 = -5*f - 2*q. Let n = f - j. What is the units digit of n?
9
Suppose -3*h - 5*j + 14 = 0, -3*h + 1 = -4*j - 4. Let s be (18/(-15))/(h/(-10)). Let u = 15 - s. What is the units digit of u?
1
Let n = -19 - -6. Let o = -11 - n. Suppose o*t = 0, a - 4*t = 3*a - 60. What is the tens digit of a?
3
Suppose n + 10 = 2*j - 0*j, -3*n - 25 